et v(x) = -17*x + 5. Let a be (4 - 2)*1/2. Let d(z) = a*v(z) + 5*y(z). What is the hundreds digit of d(-7)?
1
Let y = -42456 - -81988. What is the ten thousands digit of y?
3
Let r(b) = 458 - 257 - 257 + 67*b. What is the hundreds digit of r(24)?
5
Suppose 6 = -2*k + 2*r - 6, -6 = k - 5*r. What is the tens digit of (2 - k)/8 - -52?
5
Let y be 8 - 2*(-7 + -136). Let k = -43 + y. What is the tens digit of k?
5
Let j = -9851 + 28634. What is the hundreds digit of j?
7
Let z = 3101 - 1414. What is the hundreds digit of z?
6
Suppose 18 = 3*h + f + f, 3*f = 5*h - 49. Let w be h/3 - 3/(-9). What is the tens digit of (-2)/w*-1*2025/54?
2
Let s = 18455 + -1119. What is the tens digit of s?
3
Let m(k) = k**3 + 2*k**2 - 8*k. Let q be m(-4). Suppose s - 53 = -0*s. Let g = q + s. What is the tens digit of g?
5
Let a(f) = -87*f**3 - 16*f**2 - 6*f - 27. What is the units digit of a(-7)?
2
Suppose 4*u - 5566 = -o, 5*u + 5712 = 4*o - 16468. What is the tens digit of o?
5
Let a(m) be the second derivative of 113*m**4/12 + 5*m**3/3 - 63*m. What is the tens digit of a(-2)?
3
Suppose -7*j + 0*j = 301. Let t = j - -216. Let n = 288 - t. What is the units digit of n?
5
Let x = 23196 + -23178. Let q be 1790/(-4) + 2/4. What is the tens digit of -4*(q/8)/(x/12)?
4
Let w(l) = -9*l - 15. Let h be w(-2). Let v be ((-4)/h)/(24/(-108)). What is the units digit of 9/((-135)/v)*-5?
2
Let m = 2132 + -3926. What is the hundreds digit of -5 + 1 - (m - -15)?
7
Let v be -1 + 1 + (-340)/(7 + -2). Let h(x) = 2*x**2 + 16*x - 10. Let p be h(-13). Let m = p + v. What is the units digit of m?
2
Let m(c) = c**3 - 7*c**2 - 2*c + 16. Let r be m(7). Suppose 0 = 5*j + r*a + 435, j - a = -5*a - 87. Let f = j - -179. What is the units digit of f?
2
Let h(a) = -158 - 19*a + 148 - 60*a. What is the tens digit of h(-6)?
6
What is the thousands digit of ((-123)/(-9))/((-105)/(-22995))?
2
Suppose 36*g = 40*g - 24. Suppose -g*i - 2 = -2. Suppose 3*v - 5*h - 138 = v, i = -3*h - 12. What is the tens digit of v?
5
Suppose c - 3*c = -5*r - 5, 0 = -3*c - 4*r + 19. Suppose i + 31 = -c. Let y = i + 72. What is the units digit of y?
6
Suppose -4*a - 8 = 0, 2*h = 2*a + 5974 + 6720. What is the units digit of h?
5
Let f(l) = -2*l**3 + 38*l**2 - 52*l + 3. Suppose d - 4*t - 11 - 14 = 0, t = 5*d - 87. What is the tens digit of f(d)?
7
Let y = -21562 - -31768. What is the thousands digit of y?
0
Let f(a) = -14*a**3 - 10*a**2 - 11*a + 16. Let m be f(-12). Suppose -m = -30*h + 5*h. What is the units digit of h?
6
Let x = 522 + -503. Suppose x*n + 6045 = 32*n. What is the units digit of n?
5
What is the hundreds digit of (-55 + 3 + -7)*(-265 - -101)?
6
Suppose 0 = -3*f - 15, -6 = 4*r - 4*f + 6. Let s(u) = -u**3 - 5*u**2 + 3*u + 3. What is the hundreds digit of s(r)?
1
Suppose 2*j + 2*v - 150174 = 0, -63*j + 75123 = -62*j - 3*v. What is the units digit of j?
6
Let v = -6970 + 22139. What is the units digit of v?
9
What is the tens digit of (-1675)/(-50)*(-4700)/(-10)?
4
Let b(v) = -v - 21. Let t be b(-16). Let j = 9 + t. What is the units digit of -38*(j + 7/(-2))*-7?
3
Suppose v + 0 = -8. What is the units digit of 322 + (0 + v - -4)?
8
Let v = -229 + 231. Suppose 499 = 3*s - 0*b - v*b, -834 = -5*s + b. What is the units digit of s?
7
What is the ten thousands digit of (-17)/(-68)*12*(1 - 71806/(-6))?
3
Let m be (-24)/30*5 + 9. Suppose 3*y - m*c = 1183, 0 = 15*y - 14*y - 4*c - 392. What is the units digit of y?
6
Let x(f) = 485*f + 2561. What is the units digit of x(14)?
1
Suppose 0 = 28*g - 2*g - 13*g - 50778. What is the thousands digit of g?
3
Let l = -28378 - -97208. What is the units digit of l?
0
Let v = -23952 + 39759. What is the hundreds digit of v?
8
Let j = 8261 - -1303. What is the thousands digit of j?
9
Suppose 5*l = 3*p - 0*p + 25, 0 = 3*p + 4*l - 20. Let g(u) = 11*u + 13. Let t be g(p). What is the units digit of 27/1 - (-17 + t)?
1
Let n be (-36)/(-27)*(-2)/((-8)/90). Let d = -77 + n. Let c = 101 + d. What is the units digit of c?
4
Let u(c) = -6908*c - 93. What is the units digit of u(-1)?
5
Let f(p) = 78*p**2 + 59*p - 512. What is the thousands digit of f(8)?
4
Suppose -6*d = -2*d - 3656. What is the units digit of d + 1 + ((-5)/1)/5?
4
Let r be 2/3 - (-21)/63. Suppose r = o, 69 = k + o + 1. What is the tens digit of k?
6
Let y = -1077 + 759. Let i = y - -506. Suppose -t + i = -51. What is the tens digit of t?
3
Let b = -62 - -65. Suppose o - b = 3*o - 3*k, -5*o - 4 = -4*k. Let c = 103 - o. What is the tens digit of c?
0
Suppose -11*b = -12*b + 15. Let w be 3*((-25)/b - -3). Let i(s) = 15*s - 26. What is the tens digit of i(w)?
3
What is the tens digit of 45070 - (-3*32/24 - (-7 - -1))?
6
Let f = 2428 + 3193. What is the hundreds digit of f?
6
Suppose 5*p = -3*x + 80724, 0 = 8*p - 6*p - 4*x - 32274. What is the tens digit of p?
4
What is the thousands digit of ((-1004)/(-12))/(8/2616) - (-5)/1?
7
Suppose -69*l = -64*l - 2800. Suppose 24*p - 34*p = -l. What is the tens digit of p?
5
Let u(b) = -b**2 + 2*b - 3. Let x be u(6). Let l = -27 - x. Suppose 0 = -4*m + 2*a + 378, l = -5*a + 13 + 2. What is the units digit of m?
6
Let b(k) = k + 6. Let q be b(9). Suppose 5*c + 5*p - q = 0, -6*c + 3*c + 5*p - 31 = 0. What is the units digit of c - (-1)/((-3)/(-165))?
3
Let s(f) be the second derivative of -6*f + 0 + 0*f**3 - 3/2*f**2 + 3/4*f**4. What is the tens digit of s(-2)?
3
Let o be (-8)/(-28) - 0 - (-1538)/7. Let u = 27 - 27. Suppose 4*t + u*q - q = 418, -5*q = 2*t - o. What is the hundreds digit of t?
1
What is the ten thousands digit of -12 - 164/(-14) - (1718250/21)/(-5)?
1
Let w = 73 + -138. Suppose 4 = -4*p + 6*p, 5*a - 3*p - 644 = 0. Let z = w + a. What is the tens digit of z?
6
Let u(t) = 78*t**3 - 19*t**2 + 43*t - 4. What is the units digit of u(3)?
0
Suppose 34*l - 2*a - 14092 = 30*l, 3*l + 2*a = 10555. What is the thousands digit of l?
3
Suppose -5*x + 4*a + 3542 = 0, -31*x - 3*a + 1403 = -29*x. Suppose p + 452 = x. What is the units digit of p?
4
Let k(z) = 4*z**2 + 5*z + 5. Let j be k(-1). Suppose -2*q + 5*x = -445, q = j*x + 200 + 18. What is the units digit of q?
0
Suppose -25*k + 48524 + 253601 = 0. What is the ten thousands digit of k?
1
Suppose -91*x + 96*x = 120. What is the tens digit of x/9*(-717)/(-4)?
7
Suppose 3*a - a - 2 = 0. Let o be a + -2*(0 + 1). Let p(d) = 47*d**2 - 4*d - 2. What is the units digit of p(o)?
9
Suppose 2*w - 19322 = 5*j, -3*w - w + 38616 = -3*j. What is the tens digit of w?
5
Let a(g) = -1546*g**3 - 2*g - 2. Let s be a(-1). Suppose -15*o + 7066 - s = 0. What is the units digit of o?
8
Let p(f) = -53*f - 265. Let m be p(-5). Suppose m*x - 90 = -4*c - 3*x, c - 3*x = 30. What is the units digit of c?
4
Suppose 3*h = 3*q + 45 - 27, -q - 4 = h. What is the hundreds digit of 1772 + 5 + -4 - (h + -1)?
7
Suppose w - 2*w = -d + 7, -w - 4 = 2*d. Let m(t) = -205*t - 239. What is the tens digit of m(w)?
9
Let n(s) = -s**2 - 8*s + 3. Let d be n(-8). Suppose 2*z + b = d, 4*z + 0*b + 3*b - 1 = 0. What is the tens digit of 164/3*2/(z/3)?
8
Suppose -29*j = -30*j + 344. What is the units digit of j/10 + (-7)/((-140)/(-8))?
4
Let b = 3 - 0. Suppose b*r - 334 = r. What is the tens digit of r?
6
Let v(n) be the third derivative of 155*n**4/12 + 3*n**3 - 64*n**2. What is the units digit of v(2)?
8
Let b(v) be the second derivative of 365*v**3/3 - 10*v**2 + 13*v + 2. What is the units digit of b(1)?
0
Suppose 5*y + 7569 = 3*h, -2*h - y + 5046 = 2*y. Let n = -906 + h. What is the hundreds digit of n?
6
Let w(x) = 2*x**3 - 2*x**2 + 21*x - 42. Suppose -68*p - 6 = -69*p. What is the units digit of w(p)?
4
Let n(h) = h**2 - 6*h + 12. Let m be n(3). Let g be ((-6)/m)/(2/(-106)). Suppose 5*d = 5*r - 37 + 287, -g = -2*d + 5*r. What is the tens digit of d?
4
Let r(m) = -12285*m - 1924. What is the thousands digit of r(-5)?
9
Suppose 61*z - 285597 = 334834. What is the tens digit of z?
7
Let y(s) = -10*s - 16. Let q(u) = u + 1. Let k(p) = 18*q(p) + 2*y(p). Let i be k(-8). What is the units digit of 33 + (-1 - -1 - (-5 + i))?
6
Suppose -21*d + 18 = -18*d. Suppose 5*j = -2*w + 2908, 4*j - 3*w + d*w - 2325 = 0. Let o = -366 + j. What is the tens digit of o?
1
What is the tens digit of 7565781/285 + 4/10?
4
What is the hundreds digit of 1795*(-3 - 132/(-20))?
4
Let a(x) = x**3 + 10*x**2 + 